{"id":7,"date":"2024-10-02T18:14:36","date_gmt":"2024-10-02T18:14:36","guid":{"rendered":"https:\/\/remanentecasajuval.org\/?page_id=7"},"modified":"2025-02-19T18:53:35","modified_gmt":"2025-02-19T18:53:35","slug":"homepage","status":"publish","type":"page","link":"https:\/\/remanentecasajuval.org\/","title":{"rendered":"Homepage"},"content":{"rendered":"\n<div class=\"wp-block-cover alignfull is-light\" style=\"min-height:737px;aspect-ratio:unset;\"><span aria-hidden=\"true\" class=\"wp-block-cover__background has-background-dim-0 has-background-dim\" style=\"background-color:#FFF\"><\/span><video class=\"wp-block-cover__video-background intrinsic-ignore\" autoplay muted loop playsinline src=\"https:\/\/remanentecasajuval.org\/wp-content\/uploads\/2024\/10\/home-remanente-mix.mp4\" data-object-fit=\"cover\"><\/video><div class=\"wp-block-cover__inner-container is-layout-flow wp-block-cover-is-layout-flow\">\n<div class=\"wp-block-columns is-layout-flex wp-container-core-columns-is-layout-1 wp-block-columns-is-layout-flex\">\n<div class=\"wp-block-column is-layout-flow wp-block-column-is-layout-flow\" style=\"flex-basis:100%\">\n<p class=\"has-text-align-center has-white-color has-text-color has-link-color wp-elements-13ccf5b4b6c29c9d17d121846c1a0522\"><\/p>\n\n\n\n<figure class=\"wp-block-image aligncenter size-full is-resized\"><img loading=\"lazy\" decoding=\"async\" width=\"500\" height=\"500\" src=\"https:\/\/remanentecasajuval.org\/wp-content\/uploads\/2024\/10\/cropped-logo-remanente-transparente-final-1.png\" alt=\"\" class=\"wp-image-13\" style=\"width:270px;height:auto\" srcset=\"https:\/\/remanentecasajuval.org\/wp-content\/uploads\/2024\/10\/cropped-logo-remanente-transparente-final-1.png 500w, https:\/\/remanentecasajuval.org\/wp-content\/uploads\/2024\/10\/cropped-logo-remanente-transparente-final-1-300x300.png 300w, https:\/\/remanentecasajuval.org\/wp-content\/uploads\/2024\/10\/cropped-logo-remanente-transparente-final-1-150x150.png 150w\" sizes=\"(max-width: 500px) 100vw, 500px\" \/><\/figure>\n<\/div>\n<\/div>\n\n\n\n<h2 class=\"wp-block-heading has-text-align-center has-white-color has-text-color has-link-color has-large-font-size wp-elements-69dc41961ec8a7c69484a04ccf3f5f10\">Un refugio para tu familia<\/h2>\n<\/div><\/div>\n\n\n\n<div class=\"wp-block-group has-white-color has-primary-background-color has-text-color has-background has-link-color wp-elements-4d8ec58719b722effd7d7e2395def8f5 has-global-padding is-layout-constrained wp-block-group-is-layout-constrained\">\n<div style=\"height:57px\" aria-hidden=\"true\" class=\"wp-block-spacer\"><\/div>\n\n\n\n<h1 class=\"wp-block-heading has-text-align-center has-white-color has-text-color has-link-color has-medium-font-size wp-elements-5c5bd6c726121224444530c222b2fdba\" style=\"letter-spacing:1px\">REMANENTE<\/h1>\n\n\n\n<blockquote class=\"wp-block-quote is-layout-flow wp-block-quote-is-layout-flow\">\n<p class=\"has-text-align-center has-white-color has-text-color has-link-color wp-elements-cd929268a0bd26ad8f7585fea5d46a6d\"><em>\u00bfY qu\u00e9 le contest\u00f3 la voz divina? \u00abHe apartado para m\u00ed siete mil hombres que no se han arrodillado ante Baal. <\/em><em>As\u00ed tambi\u00e9n hay en la actualidad un remanente escogido por gracia.&#8221;<\/em><\/p>\n\n\n\n<p class=\"has-text-align-center has-white-color has-primary-background-color has-text-color has-background has-link-color wp-elements-c0825947a4d93e4122de016913cc66cf\"><strong>Ro 11:4-5<\/strong><\/p>\n<\/blockquote>\n<\/div>\n\n\n\n<div class=\"wp-block-cover aligncenter\"><span aria-hidden=\"true\" class=\"wp-block-cover__background has-background-dim\"><\/span><img loading=\"lazy\" decoding=\"async\" width=\"1024\" height=\"538\" class=\"wp-block-cover__image-background wp-image-79\" alt=\"\" src=\"https:\/\/remanentecasajuval.org\/wp-content\/uploads\/2024\/10\/home-remanente-casa-juval-2-1024x538.png\" data-object-fit=\"cover\" srcset=\"https:\/\/remanentecasajuval.org\/wp-content\/uploads\/2024\/10\/home-remanente-casa-juval-2-1024x538.png 1024w, https:\/\/remanentecasajuval.org\/wp-content\/uploads\/2024\/10\/home-remanente-casa-juval-2-300x158.png 300w, https:\/\/remanentecasajuval.org\/wp-content\/uploads\/2024\/10\/home-remanente-casa-juval-2.png 1200w\" sizes=\"(max-width: 1024px) 100vw, 1024px\" \/><div class=\"wp-block-cover__inner-container is-layout-flow wp-block-cover-is-layout-flow\">\n<p class=\"has-text-align-center has-large-font-size\">Nuestras Reuni\u00f3nes<\/p>\n\n\n\n<div class=\"wp-block-buttons alignwide is-content-justification-center is-layout-flex wp-container-core-buttons-is-layout-1 wp-block-buttons-is-layout-flex\">\n<div class=\"wp-block-button is-style-outline is-style-outline--d14eb10a57b6cbf8407d78899adbe649\"><a class=\"wp-block-button__link wp-element-button\">REUNI\u00d3N FAMILIAR<\/a><\/div>\n<\/div>\n\n\n\n<p class=\"has-text-align-center\">Domingos 9:00 &#8211; 11:00 AM<\/p>\n\n\n\n<hr class=\"wp-block-separator has-alpha-channel-opacity\"\/>\n\n\n\n<p><\/p>\n\n\n\n<div class=\"wp-block-buttons is-content-justification-center is-layout-flex wp-container-core-buttons-is-layout-2 wp-block-buttons-is-layout-flex\">\n<div class=\"wp-block-button is-style-outline is-style-outline--bf244f986470b8c9b052d0f83b7ea9ef\"><a class=\"wp-block-button__link has-text-align-center wp-element-button\">J\u00d3VENES<\/a><\/div>\n<\/div>\n\n\n\n<p class=\"has-text-align-center\">Viernes 6:00 a 8:00 pm<\/p>\n\n\n\n<hr class=\"wp-block-separator has-alpha-channel-opacity\"\/>\n\n\n\n<p><\/p>\n\n\n\n<div class=\"wp-block-buttons is-content-justification-center is-layout-flex wp-container-core-buttons-is-layout-3 wp-block-buttons-is-layout-flex\">\n<div class=\"wp-block-button is-style-outline is-style-outline--f894892a6cf6978ccde8e7b331b84be3\"><a class=\"wp-block-button__link wp-element-button\">ADOLESCENTES<\/a><\/div>\n<\/div>\n\n\n\n<p class=\"has-text-align-center\">S\u00e1bados 5:00 a 7:00 pm<\/p>\n\n\n\n<p><\/p>\n<\/div><\/div>\n\n\n\n<p><\/p>\n\n\n\n<div class=\"wp-block-group alignfull pattern_multiple_covers has-background has-global-padding is-layout-constrained wp-block-group-is-layout-constrained\" id=\"services\" style=\"background-color:#f8f8f8\">\n<p class=\"has-text-align-left has-secondary-color has-text-color\" style=\"letter-spacing:1px\">PUEDES UNIRTE!<\/p>\n\n\n\n<h2 class=\"wp-block-heading has-text-align-left\">Nuestras Reuniones <\/h2>\n\n\n\n<figure class=\"wp-block-embed is-type-video is-provider-youtube wp-block-embed-youtube wp-embed-aspect-16-9 wp-has-aspect-ratio\"><div class=\"wp-block-embed__wrapper\">\n<iframe loading=\"lazy\" title=\"Bienaventurado el pueblo que sabe aclamarte (Parte 3) I Pr Milton Reales I Remanente\" width=\"950\" height=\"534\" src=\"https:\/\/www.youtube.com\/embed\/l49ggfAE1_Q?start=925&#038;feature=oembed\" frameborder=\"0\" allow=\"accelerometer; autoplay; clipboard-write; encrypted-media; gyroscope; picture-in-picture; web-share\" referrerpolicy=\"strict-origin-when-cross-origin\" allowfullscreen><\/iframe>\n<\/div><\/figure>\n\n\n\n<p class=\"has-text-align-left\">Tenemos diferentes frentes en los que puedes involucrarte y desarrollar tu talento, tu llamado y crecer en el cumplimiento de tu prop\u00f3sito. <\/p>\n\n\n\n<div class=\"wp-block-columns is-layout-flex wp-container-core-columns-is-layout-2 wp-block-columns-is-layout-flex\">\n<div class=\"wp-block-column is-layout-flow wp-block-column-is-layout-flow\" style=\"padding-top:0;padding-right:0;padding-bottom:0;padding-left:0\">\n<div class=\"wp-block-cover has-custom-content-position is-position-bottom-left\" style=\"padding-top:var(--wp--preset--spacing--small);padding-right:var(--wp--preset--spacing--x-small);padding-bottom:var(--wp--preset--spacing--small);padding-left:var(--wp--preset--spacing--x-small)\"><span aria-hidden=\"true\" class=\"wp-block-cover__background has-primary-background-color has-background-dim-70 has-background-dim\"><\/span><img loading=\"lazy\" decoding=\"async\" width=\"1200\" height=\"630\" class=\"wp-block-cover__image-background wp-image-79\" alt=\"\" src=\"https:\/\/remanentecasajuval.org\/wp-content\/uploads\/2024\/10\/home-remanente-casa-juval-2.png\" style=\"object-position:85% 65%\" data-object-fit=\"cover\" data-object-position=\"85% 65%\" srcset=\"https:\/\/remanentecasajuval.org\/wp-content\/uploads\/2024\/10\/home-remanente-casa-juval-2.png 1200w, https:\/\/remanentecasajuval.org\/wp-content\/uploads\/2024\/10\/home-remanente-casa-juval-2-300x158.png 300w, https:\/\/remanentecasajuval.org\/wp-content\/uploads\/2024\/10\/home-remanente-casa-juval-2-1024x538.png 1024w\" sizes=\"(max-width: 1200px) 100vw, 1200px\" \/><div class=\"wp-block-cover__inner-container is-layout-flow wp-block-cover-is-layout-flow\">\n<h3 class=\"wp-block-heading has-white-color has-text-color has-medium-font-size\" style=\"margin-top:0;margin-right:0;margin-bottom:0;margin-left:0\">Worship <br>Room<\/h3>\n\n\n\n<p>Invol\u00facrate en los tiempos de Oraci\u00f3n y haz parte del equipo de m\u00fasicos e intercesores que est\u00e1n delante de Dios.<\/p>\n\n\n\n<p class=\"has-secondary-color has-text-color has-link-color wp-elements-9691f0a90a38e8845f8d3e9ccf3c770b\" style=\"margin-top:0;margin-right:0;margin-bottom:0;margin-left:0\"><a href=\"#\">Explore more \u2192<\/a><\/p>\n<\/div><\/div>\n<\/div>\n\n\n\n<div class=\"wp-block-column is-layout-flow wp-block-column-is-layout-flow\" style=\"padding-top:0;padding-right:0;padding-bottom:0;padding-left:0\">\n<div class=\"wp-block-cover has-custom-content-position is-position-bottom-left\" style=\"padding-top:var(--wp--preset--spacing--small);padding-right:var(--wp--preset--spacing--x-small);padding-bottom:var(--wp--preset--spacing--small);padding-left:var(--wp--preset--spacing--x-small)\"><span aria-hidden=\"true\" class=\"wp-block-cover__background has-primary-background-color has-background-dim-70 has-background-dim\"><\/span><img loading=\"lazy\" decoding=\"async\" width=\"700\" height=\"700\" class=\"wp-block-cover__image-background wp-image-109\" alt=\"\" src=\"https:\/\/remanentecasajuval.org\/wp-content\/uploads\/2024\/10\/categorias-remanente-juval-aula-2724-1.png\" style=\"object-position:21% 30%\" data-object-fit=\"cover\" data-object-position=\"21% 30%\" srcset=\"https:\/\/remanentecasajuval.org\/wp-content\/uploads\/2024\/10\/categorias-remanente-juval-aula-2724-1.png 700w, https:\/\/remanentecasajuval.org\/wp-content\/uploads\/2024\/10\/categorias-remanente-juval-aula-2724-1-300x300.png 300w, https:\/\/remanentecasajuval.org\/wp-content\/uploads\/2024\/10\/categorias-remanente-juval-aula-2724-1-150x150.png 150w\" sizes=\"(max-width: 700px) 100vw, 700px\" \/><div class=\"wp-block-cover__inner-container is-layout-flow wp-block-cover-is-layout-flow\">\n<h3 class=\"wp-block-heading has-white-color has-text-color has-medium-font-size\" style=\"margin-top:0;margin-right:0;margin-bottom:0;margin-left:0\">Aula <br>724<\/h3>\n\n\n\n<p>Prep\u00e1rate en nuestro centro de entrenamiento Aula 724 y prep\u00e1rate para los tiempos finales <\/p>\n\n\n\n<p class=\"has-secondary-color has-text-color has-link-color wp-elements-53f17d01ba6163d7de511a2c717b518c\" style=\"margin-top:0;margin-right:0;margin-bottom:0;margin-left:0\"><a href=\"https:\/\/aula724.com\" target=\"_blank\" rel=\"noreferrer noopener\">Ver m\u00e1s \u2192<\/a><\/p>\n<\/div><\/div>\n<\/div>\n\n\n\n<div class=\"wp-block-column is-layout-flow wp-block-column-is-layout-flow\" style=\"padding-top:0;padding-right:0;padding-bottom:0;padding-left:0\">\n<div class=\"wp-block-cover has-custom-content-position is-position-bottom-left\" style=\"padding-top:var(--wp--preset--spacing--small);padding-right:var(--wp--preset--spacing--x-small);padding-bottom:var(--wp--preset--spacing--small);padding-left:var(--wp--preset--spacing--x-small)\"><span aria-hidden=\"true\" class=\"wp-block-cover__background has-primary-background-color has-background-dim-70 has-background-dim\"><\/span><img loading=\"lazy\" decoding=\"async\" width=\"6912\" height=\"3456\" class=\"wp-block-cover__image-background wp-image-116\" alt=\"\" src=\"https:\/\/remanentecasajuval.org\/wp-content\/uploads\/2024\/10\/Casa-Juval-ninos.png\" data-object-fit=\"cover\" srcset=\"https:\/\/remanentecasajuval.org\/wp-content\/uploads\/2024\/10\/Casa-Juval-ninos.png 6912w, https:\/\/remanentecasajuval.org\/wp-content\/uploads\/2024\/10\/Casa-Juval-ninos-300x150.png 300w, https:\/\/remanentecasajuval.org\/wp-content\/uploads\/2024\/10\/Casa-Juval-ninos-1024x512.png 1024w, https:\/\/remanentecasajuval.org\/wp-content\/uploads\/2024\/10\/Casa-Juval-ninos-2000x1000.png 2000w\" sizes=\"(max-width: 6912px) 100vw, 6912px\" \/><div class=\"wp-block-cover__inner-container is-layout-flow wp-block-cover-is-layout-flow\">\n<h3 class=\"wp-block-heading has-white-color has-text-color has-medium-font-size\" style=\"margin-top:0;margin-right:0;margin-bottom:0;margin-left:0\">Fundaci\u00f3n Casa  <br>Juval<\/h3>\n\n\n\n<p class=\"has-secondary-color has-text-color has-link-color wp-elements-d6fbdd487adea3ef3534461dc44040ad\" style=\"margin-top:0;margin-right:0;margin-bottom:0;margin-left:0\"><a href=\"https:\/\/casajuval.org\" target=\"_blank\" rel=\"noreferrer noopener\">Ver m\u00e1s\u2192<\/a><\/p>\n<\/div><\/div>\n<\/div>\n<\/div>\n\n\n\n<div style=\"height:8px\" aria-hidden=\"true\" class=\"wp-block-spacer\"><\/div>\n<\/div>\n\n\n\n<div class=\"wp-block-group alignfull has-global-padding is-layout-constrained wp-block-group-is-layout-constrained\">\n<div class=\"wp-block-group has-primary-background-color has-background has-global-padding is-layout-constrained wp-block-group-is-layout-constrained\" style=\"padding-top:var(--wp--preset--spacing--small);padding-bottom:var(--wp--preset--spacing--small)\">\n<div class=\"wp-block-columns is-layout-flex wp-container-core-columns-is-layout-3 wp-block-columns-is-layout-flex\">\n<div class=\"wp-block-column is-vertically-aligned-center is-layout-flow wp-block-column-is-layout-flow\">\n<h2 class=\"wp-block-heading has-secondary-color has-text-color has-link-color has-medium-font-size wp-elements-7696c8a8c95fd5802fa8f8fd6b477a68\" style=\"text-transform:uppercase\">Podcast &#8211; contracultura<\/h2>\n\n\n\n<p class=\"has-white-color has-text-color has-link-color wp-elements-1dabf1f9bd471bd5325d31c0d25832b4\">Escucha nuestro podcast y recibe mensajes de diferentes temas que sesr\u00e1n de bendici\u00f3n total para tu vida. <strong>En todas las plataformas.<\/strong><\/p>\n\n\n\n<div class=\"wp-block-buttons is-horizontal is-content-justification-left is-layout-flex wp-container-core-buttons-is-layout-4 wp-block-buttons-is-layout-flex\">\n<div class=\"wp-block-button is-style-outline is-style-outline--074ba9e828391aa0b6ce9ee872baeff6\"><a class=\"wp-block-button__link has-white-color has-text-color has-link-color wp-element-button\" href=\"https:\/\/backstagemusica.info\/miltonrealespodcast\" style=\"border-radius:0px\">CON\u00c9CTATE AQU\u00cd<\/a><\/div>\n<\/div>\n<\/div>\n\n\n\n<div class=\"wp-block-column is-layout-flow wp-block-column-is-layout-flow\">\n<iframe src='https:\/\/widget.spreaker.com\/player?show_id=5890659&#038;theme=dark&#038;playlist=show&#038;playlist-continuous=true&#038;chapters-image=true' width='100%' height='400px' frameborder='0'><\/iframe>\n<\/div>\n<\/div>\n<\/div>\n<\/div>\n\n\n\n<div class=\"wp-block-group alignfull has-background has-global-padding is-layout-constrained wp-block-group-is-layout-constrained\" style=\"background-color:#f8f8f8\">\n<div class=\"wp-block-group has-global-padding is-layout-constrained wp-block-group-is-layout-constrained\" style=\"padding-top:var(--wp--preset--spacing--small);padding-bottom:var(--wp--preset--spacing--small)\">\n<div class=\"wp-block-columns are-vertically-aligned-center is-layout-flex wp-container-core-columns-is-layout-4 wp-block-columns-is-layout-flex\">\n<div class=\"wp-block-column is-vertically-aligned-center is-layout-flow wp-block-column-is-layout-flow\">\n<figure class=\"wp-block-image size-large is-resized\"><a href=\"https:\/\/www.mipagoamigo.com\/MPA_WebSite\/ServicePayments\"><img loading=\"lazy\" decoding=\"async\" width=\"1024\" height=\"538\" src=\"https:\/\/remanentecasajuval.org\/wp-content\/uploads\/2024\/10\/donaciones-remanente-casa-juval-1024x538.png\" alt=\"\" class=\"wp-image-484\" style=\"width:561px;height:auto\" srcset=\"https:\/\/remanentecasajuval.org\/wp-content\/uploads\/2024\/10\/donaciones-remanente-casa-juval-1024x538.png 1024w, https:\/\/remanentecasajuval.org\/wp-content\/uploads\/2024\/10\/donaciones-remanente-casa-juval-300x158.png 300w, https:\/\/remanentecasajuval.org\/wp-content\/uploads\/2024\/10\/donaciones-remanente-casa-juval.png 1200w\" sizes=\"(max-width: 1024px) 100vw, 1024px\" \/><\/a><\/figure>\n<\/div>\n\n\n\n<div class=\"wp-block-column is-vertically-aligned-center is-layout-flow wp-block-column-is-layout-flow\">\n<p><\/p>\n\n\n\n<h2 class=\"wp-block-heading has-background-color has-primary-background-color has-text-color has-background has-link-color has-medium-font-size wp-elements-2f5d70f284dcd8030229642e7454c2e1\" style=\"text-transform:uppercase\">DONACIONES<\/h2>\n\n\n\n<p>Con tus donaciones y ofrendas podemos seguir avanzando en la edificaci\u00f3n del sue\u00f1o que Dios nos ha dado. Da click en el siguiente bot\u00f3n y escribe el nombre Fundaci\u00f3n Art\u00edstica y Cultural Casa Juval. Dar clic en pagar y escribes los datos correspondientes. Gracias por tu aporte.<\/p>\n\n\n\n<div class=\"wp-block-buttons is-layout-flex wp-block-buttons-is-layout-flex\">\n<div class=\"wp-block-button is-style-outline is-style-outline--676e91f784a6ee3c3f9919de217e4e31\"><a class=\"wp-block-button__link wp-element-button\" href=\"https:\/\/www.mipagoamigo.com\/MPA_WebSite\/ServicePayments\" style=\"border-radius:0px\">Donaciones, diezmos y ofrendas<\/a><\/div>\n<\/div>\n<\/div>\n<\/div>\n\n\n\n<div style=\"height:30px\" aria-hidden=\"true\" class=\"wp-block-spacer\"><\/div>\n<\/div>\n<\/div>\n\n\n\n<div class=\"wp-block-cover alignfull has-parallax is-position-center-center\" style=\"border-radius:0px\"><span aria-hidden=\"true\" class=\"wp-block-cover__background has-black-background-color has-background-dim-40 has-background-dim\"><\/span><div class=\"wp-block-cover__image-background wp-image-79 has-parallax\" style=\"background-position:50% 50%;background-image:url(https:\/\/remanentecasajuval.org\/wp-content\/uploads\/2024\/10\/home-remanente-casa-juval-2.png)\"><\/div><div class=\"wp-block-cover__inner-container is-layout-flow wp-block-cover-is-layout-flow\">\n<div class=\"wp-block-group has-global-padding is-layout-constrained wp-block-group-is-layout-constrained\">\n<h3 class=\"wp-block-heading has-text-align-center has-text-color has-medium-font-size\" style=\"color:#fffffa;text-transform:uppercase\">LA ADORACI\u00d3n, UN ESTILO DE VIDA<\/h3>\n\n\n\n<p class=\"has-text-align-center has-white-color has-text-color\">M\u00e1s all\u00e1 de la m\u00fasica, la adoraci\u00f3n tiene que ver con cada momento de nuestra vida, nuestras palabras, nuestras actitudes, nuestro trato hacia los dem\u00e1s. Dios mira y conoce nuestros corazones y quiere encontrar en cada uno de nosotros un verdadero adorador.  <\/p>\n\n\n\n<div style=\"height:31px\" aria-hidden=\"true\" class=\"wp-block-spacer\"><\/div>\n\n\n\n<div class=\"wp-block-buttons is-horizontal is-content-justification-center is-layout-flex wp-container-core-buttons-is-layout-6 wp-block-buttons-is-layout-flex\">\n<div class=\"wp-block-button is-style-outline is-style-outline--25217a9ba59d32a870d4b7bc9b614735\"><a class=\"wp-block-button__link has-white-color has-text-color wp-element-button\" href=\"https:\/\/aula724.com\" style=\"border-radius:0px\" target=\"_blank\" rel=\"noreferrer noopener\">ESTUDIA CON NOSOTROS<\/a><\/div>\n<\/div>\n<\/div>\n<\/div><\/div>\n\n\n\n<div id=\"news\" class=\"wp-block-group has-global-padding is-layout-constrained wp-block-group-is-layout-constrained\">\n<p class=\"has-text-align-left has-secondary-color has-text-color\">FROM THE BLOG<\/p>\n\n\n\n<h2 class=\"wp-block-heading has-text-align-left\">Latest News<\/h2>\n\n\n\n<div style=\"height:33px\" aria-hidden=\"true\" class=\"wp-block-spacer\"><\/div>\n\n\n\n<div class=\"wp-block-query is-layout-flow wp-block-query-is-layout-flow\"><ul class=\"columns-3 wp-block-post-template is-layout-grid wp-container-core-post-template-is-layout-1 wp-block-post-template-is-layout-grid\"><li class=\"wp-block-post post-1 post type-post status-publish format-standard has-post-thumbnail hentry category-salud-mental\">\n<figure style=\"width:100%;height:240px; margin-bottom:var(--wp--preset--spacing--x-small);\" class=\"wp-block-post-featured-image\"><a href=\"https:\/\/remanentecasajuval.org\/?p=1\" target=\"_self\"  style=\"height:240px\"><img loading=\"lazy\" decoding=\"async\" width=\"1200\" height=\"630\" src=\"https:\/\/remanentecasajuval.org\/wp-content\/uploads\/2024\/10\/ansiedad-y-depresion.png\" class=\"attachment-post-thumbnail size-post-thumbnail wp-post-image\" alt=\"Largo camino te resta\" style=\"border-radius:5px;height:240px;object-fit:cover;\" srcset=\"https:\/\/remanentecasajuval.org\/wp-content\/uploads\/2024\/10\/ansiedad-y-depresion.png 1200w, https:\/\/remanentecasajuval.org\/wp-content\/uploads\/2024\/10\/ansiedad-y-depresion-300x158.png 300w, https:\/\/remanentecasajuval.org\/wp-content\/uploads\/2024\/10\/ansiedad-y-depresion-1024x538.png 1024w\" sizes=\"100vw\" \/><\/a><\/figure>\n\n<div style=\"margin-top:0;margin-bottom:0;\" class=\"has-link-color wp-elements-a1817b6b9e4eaefd5826fde68b0a8fdb wp-block-post-date has-text-color has-tertiary-color\"><time datetime=\"2024-10-02T13:11:47+00:00\">2 octubre, 2024<\/time><\/div>\n\n<h3 style=\"margin-top:0;margin-bottom:var(--wp--preset--spacing--x-small);\" class=\"has-link-color wp-elements-2e75b4e4fab489cf445e03eda13279d1 wp-block-post-title\"><a href=\"https:\/\/remanentecasajuval.org\/?p=1\" target=\"_self\" >Largo camino te resta<\/a><\/h3>\n\n<div class=\"has-link-color wp-elements-61eeeb1d6c31f3761cb8bc35b6e1a095 wp-block-post-excerpt has-text-color has-tertiary-color\"><p class=\"wp-block-post-excerpt__excerpt\">\u00bfC\u00f3mo manejar la depresi\u00f3n? Estoy seguro que son muchas las publicaciones, bloggs, videos y contenidos que se han estado generando referentes al manejo de la depresi\u00f3n y ansiedad. Desde la pandemia este fen\u00f3meno y problema de salud mental&hellip; <\/p><\/div>\n\n<a style=\"text-transform:uppercase; border-width:2px; padding-right:var(--wp--preset--spacing--x-small);padding-left:var(--wp--preset--spacing--x-small);padding-top:10px;padding-bottom:10px;\" class=\"wp-block-read-more has-text-color has-foreground-color\" href=\"https:\/\/remanentecasajuval.org\/?p=1\" target=\"_self\">Leer Mas<span class=\"screen-reader-text\">: Largo camino te resta<\/span><\/a>\n<\/li><\/ul>\n\n<\/div>\n\n\n\n<div style=\"height:85px\" aria-hidden=\"true\" class=\"wp-block-spacer\"><\/div>\n<\/div>\n","protected":false},"excerpt":{"rendered":"<p>REMANENTE \u00bfY qu\u00e9 le contest\u00f3 la voz divina? \u00abHe apartado para m\u00ed siete mil hombres que no se han arrodillado ante Baal. As\u00ed tambi\u00e9n hay en la actualidad un remanente escogido por gracia.&#8221; Ro 11:4-5 PUEDES UNIRTE! Nuestras Reuniones Tenemos diferentes frentes en los que puedes involucrarte y desarrollar tu talento, tu llamado y crecer &hellip; <\/p>\n<p class=\"link-more\"><a href=\"https:\/\/remanentecasajuval.org\/\" class=\"more-link\">Leer m\u00e1s<span class=\"screen-reader-text\"> \u00abHomepage\u00bb<\/span><\/a><\/p>\n","protected":false},"author":1,"featured_media":0,"parent":0,"menu_order":0,"comment_status":"closed","ping_status":"closed","template":"page-templates\/homepage-no-hero.php","meta":{"footnotes":""},"class_list":["post-7","page","type-page","status-publish","hentry"],"_links":{"self":[{"href":"https:\/\/remanentecasajuval.org\/index.php?rest_route=\/wp\/v2\/pages\/7"}],"collection":[{"href":"https:\/\/remanentecasajuval.org\/index.php?rest_route=\/wp\/v2\/pages"}],"about":[{"href":"https:\/\/remanentecasajuval.org\/index.php?rest_route=\/wp\/v2\/types\/page"}],"author":[{"embeddable":true,"href":"https:\/\/remanentecasajuval.org\/index.php?rest_route=\/wp\/v2\/users\/1"}],"replies":[{"embeddable":true,"href":"https:\/\/remanentecasajuval.org\/index.php?rest_route=%2Fwp%2Fv2%2Fcomments&post=7"}],"version-history":[{"count":166,"href":"https:\/\/remanentecasajuval.org\/index.php?rest_route=\/wp\/v2\/pages\/7\/revisions"}],"predecessor-version":[{"id":1398,"href":"https:\/\/remanentecasajuval.org\/index.php?rest_route=\/wp\/v2\/pages\/7\/revisions\/1398"}],"wp:attachment":[{"href":"https:\/\/remanentecasajuval.org\/index.php?rest_route=%2Fwp%2Fv2%2Fmedia&parent=7"}],"curies":[{"name":"wp","href":"https:\/\/api.w.org\/{rel}","templated":true}]}}